 + -2)*((-4)/2 - -3). Suppose -b = a*z - 137, -z + 0*b = -5*b - 43. What is the remainder when 53 is divided by z?
25
Suppose 0 = 5*p + s - 320, -3*p + 267 = p + 3*s. What is the remainder when p is divided by 23?
17
Let u(l) = 12*l + 5. Let z(x) = -x + 14. Let w be z(-12). Let f = 30 - w. What is the remainder when u(f) is divided by 14?
11
Suppose u - 3*d - 2 - 13 = 0, -d + 44 = 2*u. Calculate the remainder when u is divided by 15.
6
Suppose -1 = -p + 4. Suppose -5*w = -15 + p. Calculate the remainder when 129*(2/w)/3 is divided by 11.
10
Let u(c) = 35*c**2. Let v be u(1). Let f = v - 24. Let b = f - 2. What is the remainder when b is divided by 3?
0
Let s = 29 + 31. Suppose -2*m - s = -6*m. Calculate the remainder when (-2)/(-6) - 1020/(-18) is divided by m.
12
Let y be (0 - 2/8)*208/(-4). Suppose 0 = 7*z - y*z + 114. Calculate the remainder when 55 is divided by z.
17
Suppose 63 + 197 = 233*j - 220*j. Calculate the remainder when 0 + 1 + (34 - -2) is divided by j.
17
Suppose 4*h - 96 = -2*l, -3*h - 3*l = 2*l - 65. Suppose -293 = -4*a + 4*y + 7, 4*y + 12 = 0. Calculate the remainder when a is divided by h.
22
Suppose -f = 4*q + 2*f - 924, 244 = q + 4*f. Suppose 5*w - q = 77. What is the remainder when w is divided by 16?
13
Let s(v) = -2*v**3 - 3*v**2 - 2*v. Let h(r) = 4*r + 66. Let x be h(-16). Calculate the remainder when s(-3) is divided by x + 2 - (6 - 25 - -6).
16
Suppose -k = -5*w + 3*k + 1460, w - 292 = -k. Calculate the remainder when w is divided by 5.
2
Let c(g) = -2*g**2 + 42*g + 36. Suppose -5*y + 3*l = 2*l - 240, -5*l = 0. What is the remainder when y is divided by c(21)?
12
Let h(x) = 69*x + 120. Calculate the remainder when h(0) is divided by 37.
9
Let s(w) = w**3 + 11*w**2 + 27*w + 3. Calculate the remainder when s(-6) is divided by 4.
1
What is the remainder when 269487/810 - (-3)/10 is divided by 19?
10
Let d(w) = -44*w + 2*w**2 - 6 - 60*w - 7 + 83*w. Calculate the remainder when d(15) is divided by 41.
40
Let c(n) = -2*n**3 + 9*n + 8. Calculate the remainder when c(-4) is divided by 29.
13
Suppose 88*a = 80*a + 344. Calculate the remainder when 127 is divided by a.
41
Let i be (4/(-8))/((-1)/(-30)). Calculate the remainder when 33 is divided by ((-36)/i)/((-8)/(-60)).
15
Suppose 6*x - 23*x + 1037 = 0. What is the remainder when x is divided by 11?
6
Let g(o) = -7*o + 37. Let k(h) = 7*h - 38. Let s(n) = 7*g(n) + 6*k(n). What is the remainder when s(-7) is divided by 21?
17
Suppose -24*w + 154 = -10*w. Suppose 153 = 7*s - 4*s. Calculate the remainder when s is divided by w.
7
Suppose 10*m = -39*m + 1715. Calculate the remainder when m is divided by 25.
10
Let n(d) = d**2 - 46*d - 139. Calculate the remainder when n(52) is divided by 45.
38
Suppose -2*z + 4*z - 46 = 0. Let m(c) = -c**3 + 3*c**2 - 3*c. Let x be m(2). Calculate the remainder when z is divided by (-8)/(2/6*x).
11
Suppose 0 = -2*m - 5*r + 104, 11*r - 13*r = -5*m + 289. Calculate the remainder when m is divided by 12.
9
Let s(h) = h**3 - 21*h**2 + 4*h - 31. Suppose -3*x + 4*v = -79, -16 = -x - 2*v - 3. Suppose -5*d = -36 - 34. What is the remainder when s(x) is divided by d?
11
Suppose r - 3*c = 49, 0 = -4*r - 2*c + c + 144. Suppose -12*i + 26*i = 56. Calculate the remainder when r is divided by (-320)/100*(-10)/i.
5
Let i = -17 - -28. Let m = 13 - i. What is the remainder when 8 is divided by m?
0
Suppose 5*d - 5*v + 2*v = 201, -5*v + 141 = 3*d. Calculate the remainder when 38 is divided by 23/2 - d/(-28).
12
Let k = 1469 + -1396. What is the remainder when 203 is divided by k?
57
Suppose 0*j - 2*b - 144 = -2*j, -2*b - 211 = -3*j. What is the remainder when j is divided by 14?
11
Suppose -2*q + 311 = -a, 5*a + q = 6*q - 1565. Suppose 87 = 9*z - 129. What is the remainder when a/18*(1 - 5) is divided by z?
22
Suppose 3*t - 112 = -t. Suppose 0 = -68*m + 78*m - 530. What is the remainder when m is divided by t?
25
Suppose 0 = -5*z + 2*p - 9, 0 = -5*z + 3*p - 4 - 2. Let q be (2 - 1)*(16 - z). Let j = q + 27. What is the remainder when j is divided by 25?
21
Let z = -27 + 19. Let l be 8/(-32) - 738/z. Suppose 0 = 4*h + 7*u - 2*u - 121, 0 = -3*h - 5*u + l. Calculate the remainder when h is divided by 8.
5
Let n = 71 + -8. Calculate the remainder when 313 is divided by n.
61
Calculate the remainder when ((-232)/238 - 36/(-306))*-203 is divided by 44.
42
Suppose -f + 5 = 4*l, 25*f - 22*f + l = 26. Suppose -4*r + 5 = j, 0*r + 3*r + 115 = 4*j. Calculate the remainder when j is divided by f.
7
Let x(i) = 3*i - 29. Let g be x(11). Suppose -g*u + 176 = 4*u. What is the remainder when 108 is divided by u?
20
Let z = -113 + 61. Let w = -38 - z. Calculate the remainder when (1/(-2) - 1)*-18 is divided by w.
13
Let b(j) = 17*j + 58. Calculate the remainder when 29 is divided by b(-3).
1
Suppose 3*r + 11 = 3*b - 85, 4*r + 8 = 0. Calculate the remainder when 109 is divided by b.
19
Suppose 0*v = -v - 4*c + 7, -3*c = -v + 7. Let k(g) = 28*g - 28. What is the remainder when k(v) is divided by 57?
54
Let w = 38 - 37. Suppose -337 = -4*i - o, -2*o = w - 11. Calculate the remainder when i is divided by 21.
20
Suppose 2*d = r + 231, 14*r - 10*r = 5*d - 576. Calculate the remainder when d is divided by 74.
42
Let k = -76 + 76. Suppose -2*z + 4*i + 24 = 6*i, k = -z - 5*i. Calculate the remainder when z is divided by 8.
7
Suppose -8*o = o - 1476. What is the remainder when o is divided by 19?
12
Let n(a) = 17*a - 1. Let r be n(-2). Let g = r - -40. Calculate the remainder when 18 is divided by g.
3
Let m = 30 - 18. Let n(g) = g**3 + 11*g**2 - 2*g - 1. What is the remainder when n(-11) is divided by m?
9
Suppose -5*u + 3*r = -25, -5*r - 29 = -6*u + 4*u. Suppose 0 = -u*b + 62 - 34. What is the remainder when 38 is divided by b?
10
Suppose -x = 4*q - 203, 4*x + 3*q - 7*q = 772. What is the remainder when x is divided by 22?
19
Suppose 5*r = -3*g + 78, 3*r = g - 0*r - 26. Suppose -2*u = -4*u - 8, -u - g = -2*l. Calculate the remainder when 41 is divided by l.
8
Let p = -49 - -2. Suppose 105 = 2*l - x, 4*l + 0*l = -2*x + 222. What is the remainder when l is divided by (-2)/(-7) + p/(-7) + 7?
12
Suppose 13*o = 25*o - 372. What is the remainder when 85 is divided by o?
23
Suppose -4*l + 203 + 57 = 0. Suppose 2*a - 3*b - 284 = -l, -3*b = 3*a - 336. What is the remainder when a is divided by 19?
16
Suppose 52 = 2*a - 4*p, p + 137 = 5*a - 2*p. Let l(z) = 11*z - 2. Calculate the remainder when -4*(-1)/14 + 2204/a is divided by l(2).
19
Let v = -89 - -141. Calculate the remainder when 36 is divided by (v/16)/((-1)/(-4)).
10
Let v = -5 + -5. Let y(b) = -b**2 - 10*b + 11. Let z be y(v). Suppose 0 = -2*l - 3*r + 12, 3*l - z = -r. What is the remainder when l is divided by 2?
1
Let p = -662 - -869. Calculate the remainder when p is divided by 10.
7
Let a = 39 + -35. Calculate the remainder when a/6 + 1020/9 - -3 is divided by 30.
27
Suppose 10*m = 4*m - 120. Let w = 21 + -13. Calculate the remainder when m/60*(-1 + -62) is divided by w.
5
Let d = 102 - 92. Calculate the remainder when (-1 - (-60)/(-3))/(d - 11) is divided by 11.
10
Let w = -618 - -927. What is the remainder when w is divided by 73?
17
Suppose 0 = 5*r - 2*a - 120, -3*r + a - 5*a + 46 = 0. Let p(h) = h**2 + 3*h + 3. What is the remainder when r is divided by p(-5)?
9
Let q be 4/(-8)*1*8. Let h = q + 4. Suppose -s - s + 30 = h. Calculate the remainder when s is divided by 4.
3
Suppose v = 6*v - 2*d - 126, 0 = -3*v + 5*d + 87. Calculate the remainder when 63 is divided by v.
15
Suppose 0 = 2*k + 4*x - 288, 3*k - 402 = 14*x - 10*x. Calculate the remainder when k is divided by 28.
26
Suppose 9*x - 15 = 174. What is the remainder when 59 is divided by x?
17
Suppose 0 = j, -4*o = -156*j + 154*j - 20. Calculate the remainder when ((-2)/(-4))/(5/140) is divided by o.
4
Suppose 0 = 27*l - 72*l + 19800. Calculate the remainder when l is divided by 74.
70
Suppose -998 + 2140 = -83*a + 10189. Suppose -5*n + 36 = o - 0*n, 5*n + 12 = 2*o. Calculate the remainder when a is divided by o.
13
Let q = -94 - -113. Calculate the remainder when q is divided by 15.
4
Let c(i) = 7*i + 4*i - 1 + i. Let g = 1009 - 991. What is the remainder when c(6) is divided by g?
17
Suppose -2553 + 174 = -13*b. Calculate the remainder when b is divided by 5.
3
What is the r